a?
8
What is the ten thousands digit of (15/(-180)*-108)/(6/37234)?
5
Suppose -146*r + 48*r + 213248 = 0. What is the units digit of r?
6
Let r = 59 - 51. Suppose -6*n - r = -10*n, 0 = -b + 5*n + 176. What is the tens digit of b?
8
Let m(c) = -5966*c + 7550. What is the ten thousands digit of m(-4)?
3
Let j(t) = 3*t + 23. Let z be j(-6). Suppose 0 = -5*o - 5, -2*r - z*o + 45 + 286 = 0. Suppose r = 7*b - 4*b. What is the tens digit of b?
5
Let o(a) = -a**3 - 8*a**2 + 14*a + 56. Let s be o(-9). Suppose 5*d - 1613 = -r, 13*d - s*d = r - 1578. What is the tens digit of r?
8
Let p(y) = 4*y**2 - 7*y + 49. Let g = -20 - -68. Suppose -31*f + g = -23*f. What is the units digit of p(f)?
1
Let q = 12497 - 4082. What is the tens digit of q?
1
Suppose 0 = -243*x + 228*x + 475170. What is the thousands digit of x?
1
Suppose -7*f = -2*f + k - 1, -f + 2*k - 2 = 0. Suppose f = 2*j - 1073 + 353. What is the tens digit of j?
6
Suppose -p + 45 + 170 = 0. Suppose -p + 5885 = 5*t. Suppose -t = -36*c + 30*c. What is the units digit of c?
9
Let g be (-3 - (-2 - 0)) + (0 - 1). Let j(y) = y. Let i(w) = -55*w + 4. Let d(h) = i(h) - 3*j(h). What is the hundreds digit of d(g)?
1
Let i(m) = -2*m**3 - 56*m**2 - 197*m + 4. What is the hundreds digit of i(-24)?
1
Let z = 365 + -356. Suppose 10331 = z*s + 3392. What is the units digit of s?
1
Let s(z) = 11*z - 20. Let n be (-4)/(-24) + 21/(-18). Let o be ((-27)/3 + 1)/n. What is the tens digit of s(o)?
6
What is the thousands digit of 520247/77 + (-60)/(-110)?
6
Suppose 24 - 51 = 9*k. Let h(o) = -47*o + 39. What is the tens digit of h(k)?
8
Let w(i) = 292*i + 3 - 127*i + 619*i + 0. Let o be w(1). Suppose -o = -10*b + 33. What is the units digit of b?
2
Let g(a) = -90*a + 3. Let f be g(-2). Let c be f/27 + 2/9. Let z = 57 - c. What is the units digit of z?
0
Let l(a) = -61*a + 21. Let k be l(-11). Let w = -1071 + k. Let v = -263 - w. What is the units digit of v?
6
Let l be (44/(-2) - -4)*(-4)/6. What is the units digit of ((-32)/l)/(3/(-216))?
2
Let d be 24/6 + 137*14. Suppose 11*q - d = 9738. What is the thousands digit of q?
1
Suppose 3*t - 348 = 1107. Suppose 285*a = 284*a + t. What is the hundreds digit of a?
4
Suppose -4*o = 3*p - 0*p, 2*o + p = 0. Let s(b) be the first derivative of -b**3/3 + 43*b - 5. What is the units digit of s(o)?
3
Suppose -2*q + 2*a + 2*a = -18, -4*q = -5*a - 33. Suppose 5*v + q = 12. Let h(g) = 151*g + 1. What is the tens digit of h(v)?
5
Let q(n) = 38 + 51 - 166*n**3 + n + 167*n**3. Let l = -9 - -9. What is the units digit of q(l)?
9
Let x = 10749 - -1579. What is the hundreds digit of x?
3
Let a = -479 + 485. Suppose -231 = -a*t + 2499. What is the units digit of t?
5
Suppose -7*r + 36*r = 58. Suppose -2*l + 2030 = -6*k + r*k, -5*k = 3*l - 3056. What is the thousands digit of l?
1
What is the hundreds digit of 5 + (-63)/72*-472?
4
Suppose 0 = -b - 3*x + 282, -374 = -b + 5*x - 84. Let i = b - 123. What is the units digit of i?
2
Suppose -76*r + 89*r = 65. Suppose l = 3*d + 356, r - 1 = -d. What is the units digit of l?
4
Let k = 4662 - -3329. What is the units digit of k?
1
Suppose 3*t - 518 = 11*p - 12*p, 3*p - 3*t - 1506 = 0. Suppose -19*z = -17644 + p. What is the hundreds digit of z?
9
Let j(x) = -x**2 + 152. Let g(q) = q**3 - 8*q**2 - 10*q + 9. Let v be g(9). What is the units digit of j(v)?
2
Let n = 31724 + 20281. What is the units digit of n?
5
Suppose 0 = 4*u - 3*s + 767, 791 = 31*u - 35*u - 5*s. Let b = u - -221. What is the units digit of b?
7
What is the tens digit of (-405)/270 - 14409/(-2)?
0
Let o(h) = -h**3 + 55*h**2 + 82*h - 294. What is the units digit of o(21)?
2
Suppose 10*p - 12 = -42. Let o be ((1458/12)/9)/(p/8). What is the tens digit of o/(32/(-56) - (-3)/(-7))?
3
Let q(g) = 942*g**3 + 11*g**2 - 51*g + 58. What is the units digit of q(3)?
8
Let q = -175 + 190. What is the hundreds digit of ((-7341)/(-30) + 12/q)*2?
4
Suppose l - 4*n - 187 = 405, -2*l + 1244 = 4*n. Let b = l - -38. What is the units digit of b?
0
Let k be (-6)/((-90)/(-25))*(-27)/15. Suppose 4152 = 3*n + k*u, -2770 = -13*n + 11*n - u. What is the tens digit of n?
8
Let i(f) = 12*f + 120. Let n be i(-12). What is the hundreds digit of 537 + (12/10)/(n/60)?
5
Let k(x) = -2*x**2 + 8*x - 2. Let p be k(3). Suppose 15 = p*q + 15. Suppose q = -g - g + 90. What is the tens digit of g?
4
Let k be (-7)/(-2)*(-1320)/385. Let c(p) = -28*p - 55. What is the units digit of c(k)?
1
Suppose -17*b + 6607 = 3*n - 15*b, 0 = 3*n + 4*b - 6611. What is the units digit of n?
1
Let a = 8745 - 661. What is the thousands digit of a?
8
Suppose 192 + 54 = -2*z. Suppose -808 = -4*t + 156. Let r = t + z. What is the tens digit of r?
1
Let t(c) = -2405*c - 1317. What is the units digit of t(-5)?
8
Suppose 3*z - 28*z = -77275. What is the tens digit of z?
9
Let i = -832 + 420. Let s = 109 + i. What is the units digit of -2*4/24*s?
1
Let x = 9369 + 384. What is the hundreds digit of x?
7
Suppose -2*b = -2*p + 10, -5*p + 4*b = -10*p - 11. Let d be 7 + -6 + (0 + -50 - p). Let g = 17 - d. What is the tens digit of g?
6
Let y(x) = x**2 + 10*x - 4. Let p be y(28). Suppose -6*l + p = 52. What is the hundreds digit of l?
1
Suppose 5385105 = 228*h - 21*h. What is the tens digit of h?
1
Let d be (-230 - -28)/(1 - 10/14). What is the tens digit of (4 - d) + (3 - 5)?
0
Let c(s) be the first derivative of -31*s**2/2 - 24*s - 21. What is the units digit of c(-21)?
7
Suppose -76*o + 126*o + 3250 = 0. Let z be (-168)/(-5) - 4/(-10). Let d = z - o. What is the units digit of d?
9
Let r(t) = -20*t + 16. Let b = 276 - 276. What is the units digit of r(b)?
6
Let d = 989 + 253. What is the thousands digit of d?
1
Suppose -4*g - s + 28 = 2*s, 3*g = 2*s + 4. What is the hundreds digit of g - (-1246)/4 - 24/(-16)?
3
Suppose -8 + 8 = -6*g. Suppose -2 = x - g. What is the units digit of x*(-309)/12 + (-2)/4?
1
Suppose -15887 = -3*o - 2*k, -k = 18 - 19. Suppose 3*u + 71*n - 3164 = 76*n, 5*u - o = 4*n. What is the hundreds digit of u?
0
Let f = 59 - 59. Suppose f = g + g - 4. What is the units digit of (4 - (-214)/(-8))*g*-2?
1
Suppose -2*q = -5*x + 384, 14 = 5*x + 4. Let v be (0 - -2) + -1 + 4 + q. Let n = -69 - v. What is the units digit of n?
3
Suppose 2*h = -x + 946, -2*h + 0*h + x = -950. Suppose -2*z + h = -5*n, 4*n + 10 = 18. What is the units digit of z?
2
What is the tens digit of 9/24 + 36*(-68955)/(-480)?
7
Suppose 4*j + 3*x = 7399 + 1999, -2*j - 2*x = -4700. What is the thousands digit of (j/(-12) - 4)*-6?
1
Let r(s) = 41*s**2 + 7*s - 10. Let z be r(5). Suppose -5*l + z = 3*n, -5*n = -8*n. Let f = l - -61. What is the tens digit of f?
7
Let u(p) = -675*p + 39. Let b be u(3). Let i = -978 - b. What is the units digit of i?
8
Let n(b) = 56*b + 383. Let c be n(-7). Let m(w) = 9*w**2 - 12*w - 13. What is the tens digit of m(c)?
2
Let b be (19 - 25)*2/(-6). Suppose 0 = 14*a - b*a. Suppose a = 13*f - 144 + 1. What is the units digit of f?
1
Let h be (-7)/(84/9)*12. Let q be (-4 - h - 0)*(-34)/(-2). What is the tens digit of (-3)/6*(-8)/5*q?
6
Suppose -10*y - 37 = -4*g - 7*y, 4*y + 19 = g. Let o(t) = 299*t - 104. What is the units digit of o(g)?
9
Suppose -c - 23 = -4*y, 5*c + 35 = 5*y - 5. Suppose -5235 = -y*o - p, 2*o - 5*p - 5205 = -3*o. What is the units digit of o?
6
Suppose -2*t = -5*h + 1424, -4*t + 3*h + 705 = 3539. Let o = t - -1099. What is the units digit of o?
2
Let r = 104 - 51. Suppose -s + r + 301 = 0. What is the units digit of s?
4
What is the units digit of (-2 - (-47634)/18)*(10 - (-2 - 0))?
2
Let k(h) = h**2 - 7*h + 2. Let o be k(8). Suppose o*u - 697 = 563. What is the units digit of u?
6
Let x(c) = 452*c**2 + c - 2. Let m be x(2). Let o = m - 2968. What is the units digit of (-1)/(-3) + o/(-12)?
7
Let f(m) be the third derivative of 25*m**4/8 + 73*m**3/6 + 54*m**2. What is the units digit of f(8)?
3
Let x(q) = -17*q + 2. Let i(t) = 17*t - 3. Let w(n) = -5*i(n) - 6*x(n). What is the tens digit of w(9)?
5
Suppose -5*u = -4*m + 66209, -m + 820*u = 821*u - 16568. What is the thousands digit of m?
6
What is the units digit of 9 - (-280)/(-32) - 2/(32/(-197212))?
6
Let u be (-3)/3 - -2 - -23. Let a = u + -23. What is the hundreds digit of (9/(-6))/(a/(-70))?
1
Let x(z) = -z**2 - 5*z + 3. Let i be x(-5). Let h be -1 + (3 - i/1). What is the